{"id":643,"date":"2023-04-04T07:12:16","date_gmt":"2023-04-04T07:12:16","guid":{"rendered":"https:\/\/noweprzetargi.pl\/warsztaty\/?page_id=643"},"modified":"2026-04-11T13:44:45","modified_gmt":"2026-04-11T13:44:45","slug":"strona-startowa-3-slajdy","status":"publish","type":"page","link":"https:\/\/noweprzetargi.pl\/warsztaty\/","title":{"rendered":"Strona Startowa 3 slajdy"},"content":{"rendered":"<div class=\"bt_rc_container\"><section id=\"bt_section69e723d9306e1\" data-parallax=\"0.1\" data-parallax-offset=\"0\" class=\"boldSection topSpaced bottomSpaced btDarkSkin gutter fullScreenHeight btMiddleVertical btParallax wBackground cover\" style=\"background-image:url('https:\/\/noweprzetargi.pl\/warsztaty\/wp-content\/uploads\/2026\/04\/baner_zakopane_ustka-2.jpg');\" data-animation=\"4\" data-animation-back=\"3\"><div class=\"port\"><div class=\"boldCell\"><div class=\"boldCellInner\"><div class=\"boldRow \" ><div class=\"boldRowInner\"><div class=\"rowItem col-md-6 col-sm-12 btTextLeft inherit\"  data-width=\"6\"><div class=\"rowItemContent\" ><header class=\"header btClear large btDash bottomDash\" ><div class=\"dash\"><h2><span class=\"headline\">mec. \u0141ukasz Bochenek &amp; mec. \u0141ukasz Mackiewicz<\/span><\/h2><\/div><div class=\"btSubTitle\">Zakopane, Radisson Blu Hotel &amp; Residences *****, 6-8 maja 2026 &#8211; Warsztaty Zam\u00f3wie\u0144 Publicznych<\/div><\/header><div class=\"btClear btSeparator bottomSemiSpaced noBorder hidden-xs\" ><hr><\/div><a href=\"https:\/\/noweprzetargi.pl\/warsztaty\/zakopane\/\" class=\"btBtn btBtn btnOutlineStyle btnNormalColor btnMedium btnNormalWidth btnRightPosition btnNoIcon\" ><span class=\"btnInnerText\">Zobacz szczeg\u00f3\u0142y<\/span><\/a><\/div><\/div><div class=\"rowItem col-md-6 col-sm-12 btTextRight inherit btRedAccentColor\"  data-width=\"6\"><div class=\"rowItemContent\" ><header class=\"header btClear large btDash bottomDash\" ><div class=\"dash\"><h2><span class=\"headline\">Jacek Jerka<\/span><\/h2><\/div><div class=\"btSubTitle\">Ustka, Hotel Grand Lubicz 5*, 10-12 czerwca 2026 &#8211; Warsztaty Zam\u00f3wie\u0144 Publicznych<\/div><\/header><div class=\"btClear btSeparator bottomSemiSpaced noBorder hidden-xs\" ><hr><\/div><a href=\"https:\/\/noweprzetargi.pl\/warsztaty\/ustka\/\" class=\"btBtn btBtn btnOutlineStyle btnNormalColor btnMedium btnNormalWidth btnRightPosition btnNoIcon\" ><span class=\"btnInnerText\">Zobacz szczeg\u00f3\u0142y<\/span><\/a><\/div><\/div><\/div><\/div><\/div><\/div><\/div><\/section><\/div>","protected":false},"excerpt":{"rendered":"","protected":false},"author":1,"featured_media":0,"parent":0,"menu_order":0,"comment_status":"closed","ping_status":"closed","template":"","meta":{"footnotes":""},"class_list":["post-643","page","type-page","status-publish","hentry"],"yoast_head":"<!-- This site is optimized with the Yoast SEO plugin v27.3 - https:\/\/yoast.com\/product\/yoast-seo-wordpress\/ -->\n<title>Warsztaty Zam\u00f3wie\u0144 Publicznych - NowePrzetargi.pl<\/title>\n<meta name=\"description\" content=\"Zobacz najnowsze edycje Warsztat\u00f3w Zam\u00f3wie\u0144 Publicznych: mec. \u0141ukasz Mackiewicz, Jacek Jerka, mec. \u0141ukasz Bochenek, Piotr Sperczy\u0144ski!\" \/>\n<meta name=\"robots\" content=\"index, follow, max-snippet:-1, max-image-preview:large, max-video-preview:-1\" \/>\n<link rel=\"canonical\" href=\"https:\/\/noweprzetargi.pl\/warsztaty\/\" \/>\n<meta property=\"og:locale\" content=\"pl_PL\" \/>\n<meta property=\"og:type\" content=\"article\" \/>\n<meta property=\"og:title\" content=\"Warsztaty Zam\u00f3wie\u0144 Publicznych - NowePrzetargi.pl\" \/>\n<meta property=\"og:description\" content=\"Zobacz najnowsze edycje Warsztat\u00f3w Zam\u00f3wie\u0144 Publicznych: mec. \u0141ukasz Mackiewicz, Jacek Jerka, mec. \u0141ukasz Bochenek, Piotr Sperczy\u0144ski!\" \/>\n<meta property=\"og:url\" content=\"https:\/\/noweprzetargi.pl\/warsztaty\/\" \/>\n<meta property=\"og:site_name\" content=\"Warsztaty Zam\u00f3wie\u0144 Publicznych\" \/>\n<meta property=\"article:publisher\" content=\"https:\/\/www.facebook.com\/nowe.przetargi\/\" \/>\n<meta property=\"article:modified_time\" content=\"2026-04-11T13:44:45+00:00\" \/>\n<meta name=\"twitter:card\" content=\"summary_large_image\" \/>\n<meta name=\"twitter:label1\" content=\"Szacowany czas czytania\" \/>\n\t<meta name=\"twitter:data1\" content=\"2 minuty\" \/>\n<script type=\"application\/ld+json\" class=\"yoast-schema-graph\">{\"@context\":\"https:\\\/\\\/schema.org\",\"@graph\":[{\"@type\":\"WebPage\",\"@id\":\"https:\\\/\\\/noweprzetargi.pl\\\/warsztaty\\\/\",\"url\":\"https:\\\/\\\/noweprzetargi.pl\\\/warsztaty\\\/\",\"name\":\"Warsztaty Zam\u00f3wie\u0144 Publicznych - NowePrzetargi.pl\",\"isPartOf\":{\"@id\":\"https:\\\/\\\/noweprzetargi.pl\\\/warsztaty\\\/#website\"},\"datePublished\":\"2023-04-04T07:12:16+00:00\",\"dateModified\":\"2026-04-11T13:44:45+00:00\",\"description\":\"Zobacz najnowsze edycje Warsztat\u00f3w Zam\u00f3wie\u0144 Publicznych: mec. \u0141ukasz Mackiewicz, Jacek Jerka, mec. \u0141ukasz Bochenek, Piotr Sperczy\u0144ski!\",\"breadcrumb\":{\"@id\":\"https:\\\/\\\/noweprzetargi.pl\\\/warsztaty\\\/#breadcrumb\"},\"inLanguage\":\"pl-PL\",\"potentialAction\":[{\"@type\":\"ReadAction\",\"target\":[\"https:\\\/\\\/noweprzetargi.pl\\\/warsztaty\\\/\"]}]},{\"@type\":\"BreadcrumbList\",\"@id\":\"https:\\\/\\\/noweprzetargi.pl\\\/warsztaty\\\/#breadcrumb\",\"itemListElement\":[{\"@type\":\"ListItem\",\"position\":1,\"name\":\"Strona g\u0142\u00f3wna\",\"item\":\"https:\\\/\\\/noweprzetargi.pl\\\/warsztaty\\\/\"},{\"@type\":\"ListItem\",\"position\":2,\"name\":\"Strona Startowa 3 slajdy\"}]},{\"@type\":\"WebSite\",\"@id\":\"https:\\\/\\\/noweprzetargi.pl\\\/warsztaty\\\/#website\",\"url\":\"https:\\\/\\\/noweprzetargi.pl\\\/warsztaty\\\/\",\"name\":\"Warsztaty Zam\u00f3wie\u0144 Publicznych\",\"description\":\"Szkolenia lepsze ni\u017c te do kt\u00f3rych przywyk\u0142e\u015b\",\"publisher\":{\"@id\":\"https:\\\/\\\/noweprzetargi.pl\\\/warsztaty\\\/#organization\"},\"potentialAction\":[{\"@type\":\"SearchAction\",\"target\":{\"@type\":\"EntryPoint\",\"urlTemplate\":\"https:\\\/\\\/noweprzetargi.pl\\\/warsztaty\\\/?s={search_term_string}\"},\"query-input\":{\"@type\":\"PropertyValueSpecification\",\"valueRequired\":true,\"valueName\":\"search_term_string\"}}],\"inLanguage\":\"pl-PL\"},{\"@type\":\"Organization\",\"@id\":\"https:\\\/\\\/noweprzetargi.pl\\\/warsztaty\\\/#organization\",\"name\":\"Warsztaty Zam\u00f3wie\u0144 Publicznych\",\"url\":\"https:\\\/\\\/noweprzetargi.pl\\\/warsztaty\\\/\",\"logo\":{\"@type\":\"ImageObject\",\"inLanguage\":\"pl-PL\",\"@id\":\"https:\\\/\\\/noweprzetargi.pl\\\/warsztaty\\\/#\\\/schema\\\/logo\\\/image\\\/\",\"url\":\"https:\\\/\\\/noweprzetargi.pl\\\/warsztaty\\\/wp-content\\\/uploads\\\/2022\\\/12\\\/np-100-600.png\",\"contentUrl\":\"https:\\\/\\\/noweprzetargi.pl\\\/warsztaty\\\/wp-content\\\/uploads\\\/2022\\\/12\\\/np-100-600.png\",\"width\":660,\"height\":110,\"caption\":\"Warsztaty Zam\u00f3wie\u0144 Publicznych\"},\"image\":{\"@id\":\"https:\\\/\\\/noweprzetargi.pl\\\/warsztaty\\\/#\\\/schema\\\/logo\\\/image\\\/\"},\"sameAs\":[\"https:\\\/\\\/www.facebook.com\\\/nowe.przetargi\\\/\"]}]}<\/script>\n<!-- \/ Yoast SEO plugin. -->","yoast_head_json":{"title":"Warsztaty Zam\u00f3wie\u0144 Publicznych - NowePrzetargi.pl","description":"Zobacz najnowsze edycje Warsztat\u00f3w Zam\u00f3wie\u0144 Publicznych: mec. \u0141ukasz Mackiewicz, Jacek Jerka, mec. \u0141ukasz Bochenek, Piotr Sperczy\u0144ski!","robots":{"index":"index","follow":"follow","max-snippet":"max-snippet:-1","max-image-preview":"max-image-preview:large","max-video-preview":"max-video-preview:-1"},"canonical":"https:\/\/noweprzetargi.pl\/warsztaty\/","og_locale":"pl_PL","og_type":"article","og_title":"Warsztaty Zam\u00f3wie\u0144 Publicznych - NowePrzetargi.pl","og_description":"Zobacz najnowsze edycje Warsztat\u00f3w Zam\u00f3wie\u0144 Publicznych: mec. \u0141ukasz Mackiewicz, Jacek Jerka, mec. \u0141ukasz Bochenek, Piotr Sperczy\u0144ski!","og_url":"https:\/\/noweprzetargi.pl\/warsztaty\/","og_site_name":"Warsztaty Zam\u00f3wie\u0144 Publicznych","article_publisher":"https:\/\/www.facebook.com\/nowe.przetargi\/","article_modified_time":"2026-04-11T13:44:45+00:00","twitter_card":"summary_large_image","twitter_misc":{"Szacowany czas czytania":"2 minuty"},"schema":{"@context":"https:\/\/schema.org","@graph":[{"@type":"WebPage","@id":"https:\/\/noweprzetargi.pl\/warsztaty\/","url":"https:\/\/noweprzetargi.pl\/warsztaty\/","name":"Warsztaty Zam\u00f3wie\u0144 Publicznych - NowePrzetargi.pl","isPartOf":{"@id":"https:\/\/noweprzetargi.pl\/warsztaty\/#website"},"datePublished":"2023-04-04T07:12:16+00:00","dateModified":"2026-04-11T13:44:45+00:00","description":"Zobacz najnowsze edycje Warsztat\u00f3w Zam\u00f3wie\u0144 Publicznych: mec. \u0141ukasz Mackiewicz, Jacek Jerka, mec. \u0141ukasz Bochenek, Piotr Sperczy\u0144ski!","breadcrumb":{"@id":"https:\/\/noweprzetargi.pl\/warsztaty\/#breadcrumb"},"inLanguage":"pl-PL","potentialAction":[{"@type":"ReadAction","target":["https:\/\/noweprzetargi.pl\/warsztaty\/"]}]},{"@type":"BreadcrumbList","@id":"https:\/\/noweprzetargi.pl\/warsztaty\/#breadcrumb","itemListElement":[{"@type":"ListItem","position":1,"name":"Strona g\u0142\u00f3wna","item":"https:\/\/noweprzetargi.pl\/warsztaty\/"},{"@type":"ListItem","position":2,"name":"Strona Startowa 3 slajdy"}]},{"@type":"WebSite","@id":"https:\/\/noweprzetargi.pl\/warsztaty\/#website","url":"https:\/\/noweprzetargi.pl\/warsztaty\/","name":"Warsztaty Zam\u00f3wie\u0144 Publicznych","description":"Szkolenia lepsze ni\u017c te do kt\u00f3rych przywyk\u0142e\u015b","publisher":{"@id":"https:\/\/noweprzetargi.pl\/warsztaty\/#organization"},"potentialAction":[{"@type":"SearchAction","target":{"@type":"EntryPoint","urlTemplate":"https:\/\/noweprzetargi.pl\/warsztaty\/?s={search_term_string}"},"query-input":{"@type":"PropertyValueSpecification","valueRequired":true,"valueName":"search_term_string"}}],"inLanguage":"pl-PL"},{"@type":"Organization","@id":"https:\/\/noweprzetargi.pl\/warsztaty\/#organization","name":"Warsztaty Zam\u00f3wie\u0144 Publicznych","url":"https:\/\/noweprzetargi.pl\/warsztaty\/","logo":{"@type":"ImageObject","inLanguage":"pl-PL","@id":"https:\/\/noweprzetargi.pl\/warsztaty\/#\/schema\/logo\/image\/","url":"https:\/\/noweprzetargi.pl\/warsztaty\/wp-content\/uploads\/2022\/12\/np-100-600.png","contentUrl":"https:\/\/noweprzetargi.pl\/warsztaty\/wp-content\/uploads\/2022\/12\/np-100-600.png","width":660,"height":110,"caption":"Warsztaty Zam\u00f3wie\u0144 Publicznych"},"image":{"@id":"https:\/\/noweprzetargi.pl\/warsztaty\/#\/schema\/logo\/image\/"},"sameAs":["https:\/\/www.facebook.com\/nowe.przetargi\/"]}]}},"_links":{"self":[{"href":"https:\/\/noweprzetargi.pl\/warsztaty\/wp-json\/wp\/v2\/pages\/643","targetHints":{"allow":["GET"]}}],"collection":[{"href":"https:\/\/noweprzetargi.pl\/warsztaty\/wp-json\/wp\/v2\/pages"}],"about":[{"href":"https:\/\/noweprzetargi.pl\/warsztaty\/wp-json\/wp\/v2\/types\/page"}],"author":[{"embeddable":true,"href":"https:\/\/noweprzetargi.pl\/warsztaty\/wp-json\/wp\/v2\/users\/1"}],"replies":[{"embeddable":true,"href":"https:\/\/noweprzetargi.pl\/warsztaty\/wp-json\/wp\/v2\/comments?post=643"}],"version-history":[{"count":74,"href":"https:\/\/noweprzetargi.pl\/warsztaty\/wp-json\/wp\/v2\/pages\/643\/revisions"}],"predecessor-version":[{"id":1541,"href":"https:\/\/noweprzetargi.pl\/warsztaty\/wp-json\/wp\/v2\/pages\/643\/revisions\/1541"}],"wp:attachment":[{"href":"https:\/\/noweprzetargi.pl\/warsztaty\/wp-json\/wp\/v2\/media?parent=643"}],"curies":[{"name":"wp","href":"https:\/\/api.w.org\/{rel}","templated":true}]}}