{"id":12,"date":"2021-03-19T07:30:19","date_gmt":"2021-03-19T07:30:19","guid":{"rendered":"https:\/\/noweprzetargi.pl\/zamowienia-publiczne\/\/?page_id=12"},"modified":"2023-10-14T14:50:13","modified_gmt":"2023-10-14T14:50:13","slug":"strona-glowna","status":"publish","type":"page","link":"https:\/\/noweprzetargi.pl\/zamowienia-publiczne\/","title":{"rendered":"Strona G\u0142\u00f3wna"},"content":{"rendered":"","protected":false},"excerpt":{"rendered":"","protected":false},"author":1,"featured_media":0,"parent":0,"menu_order":0,"comment_status":"closed","ping_status":"closed","template":"","meta":{"_acf_changed":false,"footnotes":""},"class_list":["post-12","page","type-page","status-publish","hentry"],"acf":[],"yoast_head":"<!-- This site is optimized with the Yoast SEO plugin v27.4 - https:\/\/yoast.com\/product\/yoast-seo-wordpress\/ -->\n<title>NOWEPRZETARGI.PL - szkolenia zam\u00f3wienia publiczne - \u260e 801 889 888<\/title>\n<meta name=\"description\" content=\"Szkolenia zam\u00f3wienia publiczne w ca\u0142ej Polsce - sprawd\u017a terminy. Szkolenia lepsze ni\u017c te, do kt\u00f3rych przywyk\u0142e\u015b. Infolinia: \u260e 801 889 888.\" \/>\n<meta name=\"robots\" content=\"index, follow, max-snippet:-1, max-image-preview:large, max-video-preview:-1\" \/>\n<link rel=\"canonical\" href=\"https:\/\/noweprzetargi.pl\/zamowienia-publiczne\/\" \/>\n<meta property=\"og:locale\" content=\"pl_PL\" \/>\n<meta property=\"og:type\" content=\"article\" \/>\n<meta property=\"og:title\" content=\"NOWEPRZETARGI.PL - szkolenia zam\u00f3wienia publiczne - \u260e 801 889 888\" \/>\n<meta property=\"og:description\" content=\"Szkolenia zam\u00f3wienia publiczne w ca\u0142ej Polsce - sprawd\u017a terminy. Szkolenia lepsze ni\u017c te, do kt\u00f3rych przywyk\u0142e\u015b. Infolinia: \u260e 801 889 888.\" \/>\n<meta property=\"og:url\" content=\"https:\/\/noweprzetargi.pl\/zamowienia-publiczne\/\" \/>\n<meta property=\"og:site_name\" content=\"NOWEPRZETARGI.PL - Szkolenia LEPSZE ni\u017c te do kt\u00f3rych przywyk\u0142e\u015b\" \/>\n<meta property=\"article:modified_time\" content=\"2023-10-14T14:50:13+00:00\" \/>\n<meta property=\"og:image\" content=\"https:\/\/noweprzetargi.pl\/zamowienia-publiczne\/wp-content\/uploads\/2021\/08\/np_insta.png\" \/>\n\t<meta property=\"og:image:width\" content=\"554\" \/>\n\t<meta property=\"og:image:height\" content=\"403\" \/>\n\t<meta property=\"og:image:type\" content=\"image\/png\" \/>\n<meta name=\"twitter:card\" content=\"summary_large_image\" \/>\n<script type=\"application\/ld+json\" class=\"yoast-schema-graph\">{\"@context\":\"https:\\\/\\\/schema.org\",\"@graph\":[{\"@type\":\"WebPage\",\"@id\":\"https:\\\/\\\/noweprzetargi.pl\\\/zamowienia-publiczne\\\/\",\"url\":\"https:\\\/\\\/noweprzetargi.pl\\\/zamowienia-publiczne\\\/\",\"name\":\"NOWEPRZETARGI.PL - szkolenia zam\u00f3wienia publiczne - \u260e 801 889 888\",\"isPartOf\":{\"@id\":\"https:\\\/\\\/noweprzetargi.pl\\\/zamowienia-publiczne\\\/#website\"},\"datePublished\":\"2021-03-19T07:30:19+00:00\",\"dateModified\":\"2023-10-14T14:50:13+00:00\",\"description\":\"Szkolenia zam\u00f3wienia publiczne w ca\u0142ej Polsce - sprawd\u017a terminy. Szkolenia lepsze ni\u017c te, do kt\u00f3rych przywyk\u0142e\u015b. Infolinia: \u260e 801 889 888.\",\"breadcrumb\":{\"@id\":\"https:\\\/\\\/noweprzetargi.pl\\\/zamowienia-publiczne\\\/#breadcrumb\"},\"inLanguage\":\"pl-PL\",\"potentialAction\":[{\"@type\":\"ReadAction\",\"target\":[\"https:\\\/\\\/noweprzetargi.pl\\\/zamowienia-publiczne\\\/\"]}]},{\"@type\":\"BreadcrumbList\",\"@id\":\"https:\\\/\\\/noweprzetargi.pl\\\/zamowienia-publiczne\\\/#breadcrumb\",\"itemListElement\":[{\"@type\":\"ListItem\",\"position\":1,\"name\":\"Strona g\u0142\u00f3wna\",\"item\":\"https:\\\/\\\/noweprzetargi.pl\\\/zamowienia-publiczne\\\/\"},{\"@type\":\"ListItem\",\"position\":2,\"name\":\"Strona G\u0142\u00f3wna\"}]},{\"@type\":\"WebSite\",\"@id\":\"https:\\\/\\\/noweprzetargi.pl\\\/zamowienia-publiczne\\\/#website\",\"url\":\"https:\\\/\\\/noweprzetargi.pl\\\/zamowienia-publiczne\\\/\",\"name\":\"NOWEPRZETARGI.PL - Szkolenia LEPSZE ni\u017c te do kt\u00f3rych przywyk\u0142e\u015b\",\"description\":\"Nowe Przetargi.pl - wszystko o zam\u00f3wieniach publicznych - przetargi publiczne w praktyce - Szkolenia zam\u00f3wienia publiczne.\",\"publisher\":{\"@id\":\"https:\\\/\\\/noweprzetargi.pl\\\/zamowienia-publiczne\\\/#organization\"},\"potentialAction\":[{\"@type\":\"SearchAction\",\"target\":{\"@type\":\"EntryPoint\",\"urlTemplate\":\"https:\\\/\\\/noweprzetargi.pl\\\/zamowienia-publiczne\\\/?s={search_term_string}\"},\"query-input\":{\"@type\":\"PropertyValueSpecification\",\"valueRequired\":true,\"valueName\":\"search_term_string\"}}],\"inLanguage\":\"pl-PL\"},{\"@type\":\"Organization\",\"@id\":\"https:\\\/\\\/noweprzetargi.pl\\\/zamowienia-publiczne\\\/#organization\",\"name\":\"Nowe Przetargi\",\"url\":\"https:\\\/\\\/noweprzetargi.pl\\\/zamowienia-publiczne\\\/\",\"logo\":{\"@type\":\"ImageObject\",\"inLanguage\":\"pl-PL\",\"@id\":\"https:\\\/\\\/noweprzetargi.pl\\\/zamowienia-publiczne\\\/#\\\/schema\\\/logo\\\/image\\\/\",\"url\":\"https:\\\/\\\/noweprzetargi.pl\\\/zamowienia-publiczne\\\/wp-content\\\/uploads\\\/2021\\\/03\\\/logo-min.png\",\"contentUrl\":\"https:\\\/\\\/noweprzetargi.pl\\\/zamowienia-publiczne\\\/wp-content\\\/uploads\\\/2021\\\/03\\\/logo-min.png\",\"width\":350,\"height\":65,\"caption\":\"Nowe Przetargi\"},\"image\":{\"@id\":\"https:\\\/\\\/noweprzetargi.pl\\\/zamowienia-publiczne\\\/#\\\/schema\\\/logo\\\/image\\\/\"}}]}<\/script>\n<!-- \/ Yoast SEO plugin. -->","yoast_head_json":{"title":"NOWEPRZETARGI.PL - szkolenia zam\u00f3wienia publiczne - \u260e 801 889 888","description":"Szkolenia zam\u00f3wienia publiczne w ca\u0142ej Polsce - sprawd\u017a terminy. Szkolenia lepsze ni\u017c te, do kt\u00f3rych przywyk\u0142e\u015b. Infolinia: \u260e 801 889 888.","robots":{"index":"index","follow":"follow","max-snippet":"max-snippet:-1","max-image-preview":"max-image-preview:large","max-video-preview":"max-video-preview:-1"},"canonical":"https:\/\/noweprzetargi.pl\/zamowienia-publiczne\/","og_locale":"pl_PL","og_type":"article","og_title":"NOWEPRZETARGI.PL - szkolenia zam\u00f3wienia publiczne - \u260e 801 889 888","og_description":"Szkolenia zam\u00f3wienia publiczne w ca\u0142ej Polsce - sprawd\u017a terminy. Szkolenia lepsze ni\u017c te, do kt\u00f3rych przywyk\u0142e\u015b. Infolinia: \u260e 801 889 888.","og_url":"https:\/\/noweprzetargi.pl\/zamowienia-publiczne\/","og_site_name":"NOWEPRZETARGI.PL - Szkolenia LEPSZE ni\u017c te do kt\u00f3rych przywyk\u0142e\u015b","article_modified_time":"2023-10-14T14:50:13+00:00","og_image":[{"width":554,"height":403,"url":"https:\/\/noweprzetargi.pl\/zamowienia-publiczne\/wp-content\/uploads\/2021\/08\/np_insta.png","type":"image\/png"}],"twitter_card":"summary_large_image","schema":{"@context":"https:\/\/schema.org","@graph":[{"@type":"WebPage","@id":"https:\/\/noweprzetargi.pl\/zamowienia-publiczne\/","url":"https:\/\/noweprzetargi.pl\/zamowienia-publiczne\/","name":"NOWEPRZETARGI.PL - szkolenia zam\u00f3wienia publiczne - \u260e 801 889 888","isPartOf":{"@id":"https:\/\/noweprzetargi.pl\/zamowienia-publiczne\/#website"},"datePublished":"2021-03-19T07:30:19+00:00","dateModified":"2023-10-14T14:50:13+00:00","description":"Szkolenia zam\u00f3wienia publiczne w ca\u0142ej Polsce - sprawd\u017a terminy. Szkolenia lepsze ni\u017c te, do kt\u00f3rych przywyk\u0142e\u015b. Infolinia: \u260e 801 889 888.","breadcrumb":{"@id":"https:\/\/noweprzetargi.pl\/zamowienia-publiczne\/#breadcrumb"},"inLanguage":"pl-PL","potentialAction":[{"@type":"ReadAction","target":["https:\/\/noweprzetargi.pl\/zamowienia-publiczne\/"]}]},{"@type":"BreadcrumbList","@id":"https:\/\/noweprzetargi.pl\/zamowienia-publiczne\/#breadcrumb","itemListElement":[{"@type":"ListItem","position":1,"name":"Strona g\u0142\u00f3wna","item":"https:\/\/noweprzetargi.pl\/zamowienia-publiczne\/"},{"@type":"ListItem","position":2,"name":"Strona G\u0142\u00f3wna"}]},{"@type":"WebSite","@id":"https:\/\/noweprzetargi.pl\/zamowienia-publiczne\/#website","url":"https:\/\/noweprzetargi.pl\/zamowienia-publiczne\/","name":"NOWEPRZETARGI.PL - Szkolenia LEPSZE ni\u017c te do kt\u00f3rych przywyk\u0142e\u015b","description":"Nowe Przetargi.pl - wszystko o zam\u00f3wieniach publicznych - przetargi publiczne w praktyce - Szkolenia zam\u00f3wienia publiczne.","publisher":{"@id":"https:\/\/noweprzetargi.pl\/zamowienia-publiczne\/#organization"},"potentialAction":[{"@type":"SearchAction","target":{"@type":"EntryPoint","urlTemplate":"https:\/\/noweprzetargi.pl\/zamowienia-publiczne\/?s={search_term_string}"},"query-input":{"@type":"PropertyValueSpecification","valueRequired":true,"valueName":"search_term_string"}}],"inLanguage":"pl-PL"},{"@type":"Organization","@id":"https:\/\/noweprzetargi.pl\/zamowienia-publiczne\/#organization","name":"Nowe Przetargi","url":"https:\/\/noweprzetargi.pl\/zamowienia-publiczne\/","logo":{"@type":"ImageObject","inLanguage":"pl-PL","@id":"https:\/\/noweprzetargi.pl\/zamowienia-publiczne\/#\/schema\/logo\/image\/","url":"https:\/\/noweprzetargi.pl\/zamowienia-publiczne\/wp-content\/uploads\/2021\/03\/logo-min.png","contentUrl":"https:\/\/noweprzetargi.pl\/zamowienia-publiczne\/wp-content\/uploads\/2021\/03\/logo-min.png","width":350,"height":65,"caption":"Nowe Przetargi"},"image":{"@id":"https:\/\/noweprzetargi.pl\/zamowienia-publiczne\/#\/schema\/logo\/image\/"}}]}},"_links":{"self":[{"href":"https:\/\/noweprzetargi.pl\/zamowienia-publiczne\/wp-json\/wp\/v2\/pages\/12","targetHints":{"allow":["GET"]}}],"collection":[{"href":"https:\/\/noweprzetargi.pl\/zamowienia-publiczne\/wp-json\/wp\/v2\/pages"}],"about":[{"href":"https:\/\/noweprzetargi.pl\/zamowienia-publiczne\/wp-json\/wp\/v2\/types\/page"}],"author":[{"embeddable":true,"href":"https:\/\/noweprzetargi.pl\/zamowienia-publiczne\/wp-json\/wp\/v2\/users\/1"}],"replies":[{"embeddable":true,"href":"https:\/\/noweprzetargi.pl\/zamowienia-publiczne\/wp-json\/wp\/v2\/comments?post=12"}],"version-history":[{"count":29,"href":"https:\/\/noweprzetargi.pl\/zamowienia-publiczne\/wp-json\/wp\/v2\/pages\/12\/revisions"}],"predecessor-version":[{"id":4093,"href":"https:\/\/noweprzetargi.pl\/zamowienia-publiczne\/wp-json\/wp\/v2\/pages\/12\/revisions\/4093"}],"wp:attachment":[{"href":"https:\/\/noweprzetargi.pl\/zamowienia-publiczne\/wp-json\/wp\/v2\/media?parent=12"}],"curies":[{"name":"wp","href":"https:\/\/api.w.org\/{rel}","templated":true}]}}