{"id":242,"date":"2021-04-08T05:05:33","date_gmt":"2021-04-08T05:05:33","guid":{"rendered":"https:\/\/noweprzetargi.pl\/zamowienia-publiczne\/?page_id=242"},"modified":"2021-04-19T12:29:05","modified_gmt":"2021-04-19T12:29:05","slug":"regulamin","status":"publish","type":"page","link":"https:\/\/noweprzetargi.pl\/zamowienia-publiczne\/regulamin\/","title":{"rendered":"Regulamin"},"content":{"rendered":"\n<p><\/p>\n\n\n\n<h2 class=\"wp-block-heading\"><strong>Regulamin zamawiania us\u0142ug szkoleniowych drog\u0105 elektroniczn\u0105<\/strong><\/h2>\n\n\n\n<ol class=\"wp-block-list\"><li>Us\u0142ugi szkoleniowe \u015bwiadczone przez Centrum Doradztwa i Kszta\u0142cenia Nowe Przetargi mog\u0105 by\u0107 zamawiane za po\u015brednictwem w\u0142a\u015bciwych formularzy zg\u0142oszeniowych umieszczonych w formie kodu html na stronie noweprzetargi.pl.<\/li><li>Zam\u00f3wienie z\u0142o\u017cone za po\u015brednictwem strony internetowej noweprzetargi.pl traktowane jest jak zam\u00f3wienie z\u0142o\u017cone w formie pisemnej i rodzi takie same skutki prawne, zatem zobowi\u0105zuje uczestnika do uiszczenia pe\u0142nej kwoty wynikaj\u0105cej ze zg\u0142oszenia uczestnictwa w szkoleniu. Rezygnacja z udzia\u0142u w szkoleniu na 7 dni lub kr\u00f3cej przed jego terminem b\u0105d\u017a nieobecno\u015b\u0107 na zaj\u0119ciach nie stanowi podstawy do zwrotu wp\u0142aconej kwoty lub niewystawienia faktury obci\u0105\u017caj\u0105cej.<\/li><li>W przypadku zg\u0142oszenia na szkolenie z finansowaniem udzia\u0142u w nim w co najmniej 70% ze \u015brodk\u00f3w publicznych, dla skorzystania ze zwolnienia z podatku VAT na mocy Art. 43 ust. 1 pkt 29 lit. c Ust. o VAT, konieczne jest przes\u0142anie w formie skanu lub faksu podpisanego i opiecz\u0119towanego o\u015bwiadczenia o przys\u0142uguj\u0105cym prawie do przedmiotowego zwolnienia z podatku od towar\u00f3w i us\u0142ug.<\/li><li>Wype\u0142niaj\u0105c formularz elektronicznego zg\u0142oszenia udzia\u0142u, osoba zg\u0142aszaj\u0105ca wyra\u017ca zgod\u0119 na przetwarzanie zawartych w przesy\u0142anym formularzu zg\u0142oszenia danych osobowych delegowanych pracownik\u00f3w dla potrzeb realizacji us\u0142ugi szkoleniowej. Wi\u0119cej informacji na stronie: https:\/\/noweprzetargi.pl\/informacje-o-przetwarzaniu-danych-osobowych-polityka-rodo\/<\/li><li>Rezygnacji z udzia\u0142u w szkoleniu prosimy dokonywa\u0107 w formie pisemnej (fax, poczta tradycyjna lub poczta elektroniczna \u2013 za zwrotnym potwierdzeniem odczytania wiadomo\u015bci).<\/li><li>CDIK Nowe Przetargi nie odpowiada za niew\u0142a\u015bciwe dzia\u0142anie mechanizmu zg\u0142osze\u0144 za po\u015brednictwem formularza zg\u0142oszenia.<\/li><\/ol>\n","protected":false},"excerpt":{"rendered":"<p>Regulamin zamawiania us\u0142ug szkoleniowych drog\u0105 elektroniczn\u0105 Us\u0142ugi szkoleniowe \u015bwiadczone przez Centrum Doradztwa i Kszta\u0142cenia Nowe Przetargi mog\u0105 by\u0107 zamawiane za po\u015brednictwem w\u0142a\u015bciwych formularzy zg\u0142oszeniowych umieszczonych w formie kodu html na stronie noweprzetargi.pl.Zam\u00f3wienie z\u0142o\u017cone za po\u015brednictwem strony internetowej noweprzetargi.pl traktowane jest jak zam\u00f3wienie z\u0142o\u017cone w formie pisemnej i rodzi takie same skutki prawne, zatem zobowi\u0105zuje uczestnika [&hellip;]<\/p>\n","protected":false},"author":1,"featured_media":0,"parent":0,"menu_order":0,"comment_status":"closed","ping_status":"closed","template":"template-content.php","meta":{"_acf_changed":false,"footnotes":""},"class_list":["post-242","page","type-page","status-publish","hentry"],"acf":[],"yoast_head":"<!-- This site is optimized with the Yoast SEO plugin v27.4 - https:\/\/yoast.com\/product\/yoast-seo-wordpress\/ -->\n<title>Regulamin - NOWEPRZETARGI.PL - Szkolenia LEPSZE ni\u017c te do kt\u00f3rych przywyk\u0142e\u015b<\/title>\n<meta name=\"robots\" content=\"index, follow, max-snippet:-1, max-image-preview:large, max-video-preview:-1\" \/>\n<link rel=\"canonical\" href=\"https:\/\/noweprzetargi.pl\/zamowienia-publiczne\/regulamin\/\" \/>\n<meta property=\"og:locale\" content=\"pl_PL\" \/>\n<meta property=\"og:type\" content=\"article\" \/>\n<meta property=\"og:title\" content=\"Regulamin - NOWEPRZETARGI.PL - Szkolenia LEPSZE ni\u017c te do kt\u00f3rych przywyk\u0142e\u015b\" \/>\n<meta property=\"og:description\" content=\"Regulamin zamawiania us\u0142ug szkoleniowych drog\u0105 elektroniczn\u0105 Us\u0142ugi szkoleniowe \u015bwiadczone przez Centrum Doradztwa i Kszta\u0142cenia Nowe Przetargi mog\u0105 by\u0107 zamawiane za po\u015brednictwem w\u0142a\u015bciwych formularzy zg\u0142oszeniowych umieszczonych w formie kodu html na stronie noweprzetargi.pl.Zam\u00f3wienie z\u0142o\u017cone za po\u015brednictwem strony internetowej noweprzetargi.pl traktowane jest jak zam\u00f3wienie z\u0142o\u017cone w formie pisemnej i rodzi takie same skutki prawne, zatem zobowi\u0105zuje uczestnika [&hellip;]\" \/>\n<meta property=\"og:url\" content=\"https:\/\/noweprzetargi.pl\/zamowienia-publiczne\/regulamin\/\" \/>\n<meta property=\"og:site_name\" content=\"NOWEPRZETARGI.PL - Szkolenia LEPSZE ni\u017c te do kt\u00f3rych przywyk\u0142e\u015b\" \/>\n<meta property=\"article:modified_time\" content=\"2021-04-19T12:29:05+00:00\" \/>\n<meta name=\"twitter:card\" content=\"summary_large_image\" \/>\n<meta name=\"twitter:label1\" content=\"Szacowany czas czytania\" \/>\n\t<meta name=\"twitter:data1\" content=\"1 minuta\" \/>\n<script type=\"application\/ld+json\" class=\"yoast-schema-graph\">{\"@context\":\"https:\\\/\\\/schema.org\",\"@graph\":[{\"@type\":\"WebPage\",\"@id\":\"https:\\\/\\\/noweprzetargi.pl\\\/zamowienia-publiczne\\\/regulamin\\\/\",\"url\":\"https:\\\/\\\/noweprzetargi.pl\\\/zamowienia-publiczne\\\/regulamin\\\/\",\"name\":\"Regulamin - NOWEPRZETARGI.PL - Szkolenia LEPSZE ni\u017c te do kt\u00f3rych przywyk\u0142e\u015b\",\"isPartOf\":{\"@id\":\"https:\\\/\\\/noweprzetargi.pl\\\/zamowienia-publiczne\\\/#website\"},\"datePublished\":\"2021-04-08T05:05:33+00:00\",\"dateModified\":\"2021-04-19T12:29:05+00:00\",\"breadcrumb\":{\"@id\":\"https:\\\/\\\/noweprzetargi.pl\\\/zamowienia-publiczne\\\/regulamin\\\/#breadcrumb\"},\"inLanguage\":\"pl-PL\",\"potentialAction\":[{\"@type\":\"ReadAction\",\"target\":[\"https:\\\/\\\/noweprzetargi.pl\\\/zamowienia-publiczne\\\/regulamin\\\/\"]}]},{\"@type\":\"BreadcrumbList\",\"@id\":\"https:\\\/\\\/noweprzetargi.pl\\\/zamowienia-publiczne\\\/regulamin\\\/#breadcrumb\",\"itemListElement\":[{\"@type\":\"ListItem\",\"position\":1,\"name\":\"Strona g\u0142\u00f3wna\",\"item\":\"https:\\\/\\\/noweprzetargi.pl\\\/zamowienia-publiczne\\\/\"},{\"@type\":\"ListItem\",\"position\":2,\"name\":\"Regulamin\"}]},{\"@type\":\"WebSite\",\"@id\":\"https:\\\/\\\/noweprzetargi.pl\\\/zamowienia-publiczne\\\/#website\",\"url\":\"https:\\\/\\\/noweprzetargi.pl\\\/zamowienia-publiczne\\\/\",\"name\":\"NOWEPRZETARGI.PL - Szkolenia LEPSZE ni\u017c te do kt\u00f3rych przywyk\u0142e\u015b\",\"description\":\"Nowe Przetargi.pl - wszystko o zam\u00f3wieniach publicznych - przetargi publiczne w praktyce - Szkolenia zam\u00f3wienia publiczne.\",\"publisher\":{\"@id\":\"https:\\\/\\\/noweprzetargi.pl\\\/zamowienia-publiczne\\\/#organization\"},\"potentialAction\":[{\"@type\":\"SearchAction\",\"target\":{\"@type\":\"EntryPoint\",\"urlTemplate\":\"https:\\\/\\\/noweprzetargi.pl\\\/zamowienia-publiczne\\\/?s={search_term_string}\"},\"query-input\":{\"@type\":\"PropertyValueSpecification\",\"valueRequired\":true,\"valueName\":\"search_term_string\"}}],\"inLanguage\":\"pl-PL\"},{\"@type\":\"Organization\",\"@id\":\"https:\\\/\\\/noweprzetargi.pl\\\/zamowienia-publiczne\\\/#organization\",\"name\":\"Nowe Przetargi\",\"url\":\"https:\\\/\\\/noweprzetargi.pl\\\/zamowienia-publiczne\\\/\",\"logo\":{\"@type\":\"ImageObject\",\"inLanguage\":\"pl-PL\",\"@id\":\"https:\\\/\\\/noweprzetargi.pl\\\/zamowienia-publiczne\\\/#\\\/schema\\\/logo\\\/image\\\/\",\"url\":\"https:\\\/\\\/noweprzetargi.pl\\\/zamowienia-publiczne\\\/wp-content\\\/uploads\\\/2021\\\/03\\\/logo-min.png\",\"contentUrl\":\"https:\\\/\\\/noweprzetargi.pl\\\/zamowienia-publiczne\\\/wp-content\\\/uploads\\\/2021\\\/03\\\/logo-min.png\",\"width\":350,\"height\":65,\"caption\":\"Nowe Przetargi\"},\"image\":{\"@id\":\"https:\\\/\\\/noweprzetargi.pl\\\/zamowienia-publiczne\\\/#\\\/schema\\\/logo\\\/image\\\/\"}}]}<\/script>\n<!-- \/ Yoast SEO plugin. -->","yoast_head_json":{"title":"Regulamin - NOWEPRZETARGI.PL - Szkolenia LEPSZE ni\u017c te do kt\u00f3rych przywyk\u0142e\u015b","robots":{"index":"index","follow":"follow","max-snippet":"max-snippet:-1","max-image-preview":"max-image-preview:large","max-video-preview":"max-video-preview:-1"},"canonical":"https:\/\/noweprzetargi.pl\/zamowienia-publiczne\/regulamin\/","og_locale":"pl_PL","og_type":"article","og_title":"Regulamin - NOWEPRZETARGI.PL - Szkolenia LEPSZE ni\u017c te do kt\u00f3rych przywyk\u0142e\u015b","og_description":"Regulamin zamawiania us\u0142ug szkoleniowych drog\u0105 elektroniczn\u0105 Us\u0142ugi szkoleniowe \u015bwiadczone przez Centrum Doradztwa i Kszta\u0142cenia Nowe Przetargi mog\u0105 by\u0107 zamawiane za po\u015brednictwem w\u0142a\u015bciwych formularzy zg\u0142oszeniowych umieszczonych w formie kodu html na stronie noweprzetargi.pl.Zam\u00f3wienie z\u0142o\u017cone za po\u015brednictwem strony internetowej noweprzetargi.pl traktowane jest jak zam\u00f3wienie z\u0142o\u017cone w formie pisemnej i rodzi takie same skutki prawne, zatem zobowi\u0105zuje uczestnika [&hellip;]","og_url":"https:\/\/noweprzetargi.pl\/zamowienia-publiczne\/regulamin\/","og_site_name":"NOWEPRZETARGI.PL - Szkolenia LEPSZE ni\u017c te do kt\u00f3rych przywyk\u0142e\u015b","article_modified_time":"2021-04-19T12:29:05+00:00","twitter_card":"summary_large_image","twitter_misc":{"Szacowany czas czytania":"1 minuta"},"schema":{"@context":"https:\/\/schema.org","@graph":[{"@type":"WebPage","@id":"https:\/\/noweprzetargi.pl\/zamowienia-publiczne\/regulamin\/","url":"https:\/\/noweprzetargi.pl\/zamowienia-publiczne\/regulamin\/","name":"Regulamin - NOWEPRZETARGI.PL - Szkolenia LEPSZE ni\u017c te do kt\u00f3rych przywyk\u0142e\u015b","isPartOf":{"@id":"https:\/\/noweprzetargi.pl\/zamowienia-publiczne\/#website"},"datePublished":"2021-04-08T05:05:33+00:00","dateModified":"2021-04-19T12:29:05+00:00","breadcrumb":{"@id":"https:\/\/noweprzetargi.pl\/zamowienia-publiczne\/regulamin\/#breadcrumb"},"inLanguage":"pl-PL","potentialAction":[{"@type":"ReadAction","target":["https:\/\/noweprzetargi.pl\/zamowienia-publiczne\/regulamin\/"]}]},{"@type":"BreadcrumbList","@id":"https:\/\/noweprzetargi.pl\/zamowienia-publiczne\/regulamin\/#breadcrumb","itemListElement":[{"@type":"ListItem","position":1,"name":"Strona g\u0142\u00f3wna","item":"https:\/\/noweprzetargi.pl\/zamowienia-publiczne\/"},{"@type":"ListItem","position":2,"name":"Regulamin"}]},{"@type":"WebSite","@id":"https:\/\/noweprzetargi.pl\/zamowienia-publiczne\/#website","url":"https:\/\/noweprzetargi.pl\/zamowienia-publiczne\/","name":"NOWEPRZETARGI.PL - Szkolenia LEPSZE ni\u017c te do kt\u00f3rych przywyk\u0142e\u015b","description":"Nowe Przetargi.pl - wszystko o zam\u00f3wieniach publicznych - przetargi publiczne w praktyce - Szkolenia zam\u00f3wienia publiczne.","publisher":{"@id":"https:\/\/noweprzetargi.pl\/zamowienia-publiczne\/#organization"},"potentialAction":[{"@type":"SearchAction","target":{"@type":"EntryPoint","urlTemplate":"https:\/\/noweprzetargi.pl\/zamowienia-publiczne\/?s={search_term_string}"},"query-input":{"@type":"PropertyValueSpecification","valueRequired":true,"valueName":"search_term_string"}}],"inLanguage":"pl-PL"},{"@type":"Organization","@id":"https:\/\/noweprzetargi.pl\/zamowienia-publiczne\/#organization","name":"Nowe Przetargi","url":"https:\/\/noweprzetargi.pl\/zamowienia-publiczne\/","logo":{"@type":"ImageObject","inLanguage":"pl-PL","@id":"https:\/\/noweprzetargi.pl\/zamowienia-publiczne\/#\/schema\/logo\/image\/","url":"https:\/\/noweprzetargi.pl\/zamowienia-publiczne\/wp-content\/uploads\/2021\/03\/logo-min.png","contentUrl":"https:\/\/noweprzetargi.pl\/zamowienia-publiczne\/wp-content\/uploads\/2021\/03\/logo-min.png","width":350,"height":65,"caption":"Nowe Przetargi"},"image":{"@id":"https:\/\/noweprzetargi.pl\/zamowienia-publiczne\/#\/schema\/logo\/image\/"}}]}},"_links":{"self":[{"href":"https:\/\/noweprzetargi.pl\/zamowienia-publiczne\/wp-json\/wp\/v2\/pages\/242","targetHints":{"allow":["GET"]}}],"collection":[{"href":"https:\/\/noweprzetargi.pl\/zamowienia-publiczne\/wp-json\/wp\/v2\/pages"}],"about":[{"href":"https:\/\/noweprzetargi.pl\/zamowienia-publiczne\/wp-json\/wp\/v2\/types\/page"}],"author":[{"embeddable":true,"href":"https:\/\/noweprzetargi.pl\/zamowienia-publiczne\/wp-json\/wp\/v2\/users\/1"}],"replies":[{"embeddable":true,"href":"https:\/\/noweprzetargi.pl\/zamowienia-publiczne\/wp-json\/wp\/v2\/comments?post=242"}],"version-history":[{"count":6,"href":"https:\/\/noweprzetargi.pl\/zamowienia-publiczne\/wp-json\/wp\/v2\/pages\/242\/revisions"}],"predecessor-version":[{"id":479,"href":"https:\/\/noweprzetargi.pl\/zamowienia-publiczne\/wp-json\/wp\/v2\/pages\/242\/revisions\/479"}],"wp:attachment":[{"href":"https:\/\/noweprzetargi.pl\/zamowienia-publiczne\/wp-json\/wp\/v2\/media?parent=242"}],"curies":[{"name":"wp","href":"https:\/\/api.w.org\/{rel}","templated":true}]}}